{"id":27039,"date":"2026-02-27T13:28:49","date_gmt":"2026-02-27T19:28:49","guid":{"rendered":"https:\/\/elbronco.com.mx\/new\/articulo\/tapa-roll-cover-manual-bronx-para-peugeot-landtrek-ram-1200-doble-cabina-importada\/"},"modified":"2026-04-10T13:44:12","modified_gmt":"2026-04-10T19:44:12","slug":"tapa-roll-cover-manual-bronx-para-peugeot-landtrek-ram-1200-doble-cabina-importada","status":"publish","type":"product","link":"https:\/\/elbronco.com.mx\/new\/articulo\/tapa-roll-cover-manual-bronx-para-peugeot-landtrek-ram-1200-doble-cabina-importada\/","title":{"rendered":"TAPA ROLL COVER MANUAL BRONX PARA PEUGEOT LANDTREK \/ RAM 1200 (DOBLE CABINA) IMPORTADA"},"content":{"rendered":"<p>\u2022 Funci\u00f3n retr\u00e1ctil de tres pasos.<br \/>\n\u2022 Sistema de bloqueo con llave.<br \/>\n\u2022 Fabricada en aluminio recubierta en pl\u00e1stico resistente.<br \/>\n\u2022 Cuenta con luz de servicio para iluminar el interior.<br \/>\n\u2022 Dise\u00f1o practico para una instalaci\u00f3n f\u00e1cil.<br \/>\n\u2022 Cubra el espacio de carga de la intemperie.<\/p>\n","protected":false},"excerpt":{"rendered":"<p>\u2022 Funci\u00f3n retr\u00e1ctil de tres pasos. \u2022 Sistema de bloqueo con llave. \u2022 Fabricada en aluminio recubierta en pl\u00e1stico resistente&#8230;.<\/p>\n","protected":false},"featured_media":26990,"template":"","meta":{"_joinchat":[]},"etheme_brands":[],"product_brand":[3652],"product_cat":[8184,21851],"product_tag":[18736],"class_list":{"0":"post-27039","1":"product","2":"type-product","3":"status-publish","4":"has-post-thumbnail","6":"product_brand-bronx","7":"product_cat-pick-up","8":"product_cat-tapas-retractiles-manuales","9":"product_tag-importtap","11":"first","12":"instock","13":"shipping-taxable","14":"purchasable","15":"product-type-simple"},"_links":{"self":[{"href":"https:\/\/elbronco.com.mx\/new\/wp-json\/wp\/v2\/product\/27039","targetHints":{"allow":["GET"]}}],"collection":[{"href":"https:\/\/elbronco.com.mx\/new\/wp-json\/wp\/v2\/product"}],"about":[{"href":"https:\/\/elbronco.com.mx\/new\/wp-json\/wp\/v2\/types\/product"}],"wp:featuredmedia":[{"embeddable":true,"href":"https:\/\/elbronco.com.mx\/new\/wp-json\/wp\/v2\/media\/26990"}],"wp:attachment":[{"href":"https:\/\/elbronco.com.mx\/new\/wp-json\/wp\/v2\/media?parent=27039"}],"wp:term":[{"taxonomy":"brand","embeddable":true,"href":"https:\/\/elbronco.com.mx\/new\/wp-json\/wp\/v2\/etheme_brands?post=27039"},{"taxonomy":"product_brand","embeddable":true,"href":"https:\/\/elbronco.com.mx\/new\/wp-json\/wp\/v2\/product_brand?post=27039"},{"taxonomy":"product_cat","embeddable":true,"href":"https:\/\/elbronco.com.mx\/new\/wp-json\/wp\/v2\/product_cat?post=27039"},{"taxonomy":"product_tag","embeddable":true,"href":"https:\/\/elbronco.com.mx\/new\/wp-json\/wp\/v2\/product_tag?post=27039"}],"curies":[{"name":"wp","href":"https:\/\/api.w.org\/{rel}","templated":true}]}}