{"id":15475,"date":"2025-01-30T19:20:59","date_gmt":"2025-01-30T19:20:59","guid":{"rendered":"https:\/\/elbronco.com.mx\/new\/?post_type=product&#038;p=15475"},"modified":"2026-05-08T13:43:25","modified_gmt":"2026-05-08T19:43:25","slug":"cople-recto-con-bola-de-2-y-perno-de-sujecion-para-remolque-bronx","status":"publish","type":"product","link":"https:\/\/elbronco.com.mx\/new\/articulo\/cople-recto-con-bola-de-2-y-perno-de-sujecion-para-remolque-bronx\/","title":{"rendered":"KIT DE COPLE RECTO CON BOLA DE 2&#8243; Y PERNO DE SUJECI\u00d3N PARA REMOLQUE BRONX"},"content":{"rendered":"<p>\u2022 Perno de seguridad con pasador.<br \/>\n\u2022 Bola de enganche de 2&#8243; con capacidad de 5000 lbs.<br \/>\n\u2022 Leng\u00fceta con cople de 2&#8243;.<br \/>\n\u2022 Fabricada en placa de 3\/4&#8243;.<br \/>\n\u2022 Material de acero de alta resistencia.<\/p>\n","protected":false},"excerpt":{"rendered":"<p><strong>*Es necesario contar con tir\u00f3n de arrastre en su veh\u00edculo para la instalaci\u00f3n de este accesorio, los cuales se venden por separado <a href=\"https:\/\/elbronco.com.mx\/new\/categoria\/tirones\/cople-de-2\/\" target=\"_blank\"><u>aqu\u00ed<\/u><\/a><\/strong><\/p>\n","protected":false},"featured_media":15481,"template":"","meta":{"_joinchat":[]},"etheme_brands":[],"product_brand":[3652],"product_cat":[6742,3655],"product_tag":[18735],"class_list":{"0":"post-15475","1":"product","2":"type-product","3":"status-publish","4":"has-post-thumbnail","6":"product_brand-bronx","7":"product_cat-kit-de-sujecion","8":"product_cat-arrastre","9":"product_tag-importacion","11":"first","12":"instock","13":"shipping-taxable","14":"purchasable","15":"product-type-simple"},"_links":{"self":[{"href":"https:\/\/elbronco.com.mx\/new\/wp-json\/wp\/v2\/product\/15475","targetHints":{"allow":["GET"]}}],"collection":[{"href":"https:\/\/elbronco.com.mx\/new\/wp-json\/wp\/v2\/product"}],"about":[{"href":"https:\/\/elbronco.com.mx\/new\/wp-json\/wp\/v2\/types\/product"}],"wp:featuredmedia":[{"embeddable":true,"href":"https:\/\/elbronco.com.mx\/new\/wp-json\/wp\/v2\/media\/15481"}],"wp:attachment":[{"href":"https:\/\/elbronco.com.mx\/new\/wp-json\/wp\/v2\/media?parent=15475"}],"wp:term":[{"taxonomy":"brand","embeddable":true,"href":"https:\/\/elbronco.com.mx\/new\/wp-json\/wp\/v2\/etheme_brands?post=15475"},{"taxonomy":"product_brand","embeddable":true,"href":"https:\/\/elbronco.com.mx\/new\/wp-json\/wp\/v2\/product_brand?post=15475"},{"taxonomy":"product_cat","embeddable":true,"href":"https:\/\/elbronco.com.mx\/new\/wp-json\/wp\/v2\/product_cat?post=15475"},{"taxonomy":"product_tag","embeddable":true,"href":"https:\/\/elbronco.com.mx\/new\/wp-json\/wp\/v2\/product_tag?post=15475"}],"curies":[{"name":"wp","href":"https:\/\/api.w.org\/{rel}","templated":true}]}}