{"id":3367,"date":"2021-09-27T22:50:45","date_gmt":"2021-09-27T22:50:45","guid":{"rendered":"https:\/\/elbronco.com.mx\/new\/?page_id=3367"},"modified":"2025-05-30T15:10:23","modified_gmt":"2025-05-30T21:10:23","slug":"mayoristas","status":"publish","type":"page","link":"https:\/\/elbronco.com.mx\/new\/mayoristas\/","title":{"rendered":"Mayoristas"},"content":{"rendered":"<div class=\"wpb-content-wrapper\"><p>[vc_row full_width=\u00bbstretch_row\u00bb content_placement=\u00bbmiddle\u00bb css=\u00bb.vc_custom_1741042006737{margin-top: -15px !important;padding-top: 20px !important;padding-bottom: 20px !important;background-image: url(https:\/\/elbronco.com.mx\/new\/wp-content\/uploads\/2021\/09\/pagina_back1.jpg?id=3369) !important;background-position: center !important;background-repeat: no-repeat !important;background-size: cover !important;}\u00bb _et_uniqid=\u00bbet_custom_uniqid_new_67c61ca19ace7&#8243;][vc_column][vc_custom_heading text=\u00bbConvi\u00e9rtete en Distribuidor de El Bronco\u00bb font_container=\u00bbtag:h2|font_size:35|text_align:left|color:%23ffffff\u00bb use_theme_fonts=\u00bbyes\u00bb css_animation=\u00bbfadeIn\u00bb css=\u00bb.vc_custom_1748639332968{margin-top: 0px !important;}\u00bb][\/vc_column][\/vc_row][vc_row][vc_column width=\u00bb1\/2&#8243; css=\u00bb.vc_custom_1738340228438{margin-top: 25px !important;}\u00bb _et_uniqid=\u00bbet_custom_uniqid_new_679cf780071b5&#8243;][vc_column_text css_animation=\u00bbleft-to-right\u00bb css=\u00bb\u00bb]Se parte de la familia de El Bronco Autopartes, una empresa con la solidez, calidad y servicio de una empresa 100% mexicana, operando en el pa\u00eds. Nuestro probado esquema de distribuidores garantiza una ganancia considerable, siendo representante de una marca conocida y de renombre, facilitando las ventas.<\/p>\n<p>Nuestro cat\u00e1logo se mantiene en constante actualizaci\u00f3n, atendiendo las nuevas tendencias, modelos y marcas, todo esto con la confianza de la certificaci\u00f3n ISO 9001:2015, asegurando procesos, tiempo y calidad. D\u00e9je que nuestro equipo de ventas lo asesore y gu\u00ede en una relaci\u00f3n confiable de negocios.<\/p>\n<p>Comienze conociendo nuestros productos, llene la forma y recibir\u00e1 en su correo acceso a nuestro cat\u00e1logo.[\/vc_column_text][vc_row_inner][vc_column_inner][vc_column_text css_animation=\u00bbleft-to-right\u00bb css=\u00bb\u00bb]<strong>BENEFICIOS PARA DISTRIBUIDORES<\/strong><\/p>\n<ul>\n<li>Atenci\u00f3n personalizada.<\/li>\n<li>Margen de ganacia conforme a ventas.<\/li>\n<li>Zonas de exclusividad para cada distribuidor.<\/li>\n<li>Acceso a pedidos desde portal.<\/li>\n<li>Asesor\u00eda en ventas y tendencias.<\/li>\n<\/ul>\n<p>[\/vc_column_text][\/vc_column_inner][\/vc_row_inner][vc_row_inner][vc_column_inner][vc_btn title=\u00bbCONT\u00c1CTANOS\u00bb style=\u00bboutline-custom\u00bb outline_custom_color=\u00bb#CD2000&#8243; outline_custom_hover_background=\u00bb#CD2000&#8243; shape=\u00bbsquare\u00bb size=\u00bblg\u00bb align=\u00bbleft\u00bb i_align=\u00bbright\u00bb i_icon_fontawesome=\u00bbfas fa-arrow-alt-circle-right\u00bb css_animation=\u00bbfadeInUp\u00bb css=\u00bb\u00bb add_icon=\u00bbtrue\u00bb link=\u00bburl:https%3A%2F%2Felbronco.com.mx%2Fnew%2Fcontacto%2F|title:Contacto\u00bb][\/vc_column_inner][\/vc_row_inner][\/vc_column][vc_column width=\u00bb1\/2&#8243;][vc_single_image image=\u00bb15624&#8243; img_size=\u00bbfull\u00bb alignment=\u00bbcenter\u00bb css_animation=\u00bbfadeIn\u00bb css=\u00bb\u00bb][\/vc_column][\/vc_row][vc_row][vc_column][\/vc_column][\/vc_row]<\/p>\n<\/div>","protected":false},"excerpt":{"rendered":"<p>[vc_row full_width=\u00bbstretch_row\u00bb content_placement=\u00bbmiddle\u00bb css=\u00bb.vc_custom_1741042006737{margin-top: -15px !important;padding-top: 20px !important;padding-bottom: 20px !important;background-image: url(https:\/\/elbronco.com.mx\/new\/wp-content\/uploads\/2021\/09\/pagina_back1.jpg?id=3369) !important;background-position: center !important;background-repeat: no-repeat !important;background-size: cover !important;}\u00bb _et_uniqid=\u00bbet_custom_uniqid_new_67c61ca19ace7&#8243;][vc_column][vc_custom_heading text=\u00bbConvi\u00e9rtete&#8230;<\/p>\n","protected":false},"author":3,"featured_media":0,"parent":0,"menu_order":0,"comment_status":"closed","ping_status":"closed","template":"","meta":{"_joinchat":[],"footnotes":""},"class_list":["post-3367","page","type-page","status-publish","hentry"],"_links":{"self":[{"href":"https:\/\/elbronco.com.mx\/new\/wp-json\/wp\/v2\/pages\/3367","targetHints":{"allow":["GET"]}}],"collection":[{"href":"https:\/\/elbronco.com.mx\/new\/wp-json\/wp\/v2\/pages"}],"about":[{"href":"https:\/\/elbronco.com.mx\/new\/wp-json\/wp\/v2\/types\/page"}],"author":[{"embeddable":true,"href":"https:\/\/elbronco.com.mx\/new\/wp-json\/wp\/v2\/users\/3"}],"replies":[{"embeddable":true,"href":"https:\/\/elbronco.com.mx\/new\/wp-json\/wp\/v2\/comments?post=3367"}],"version-history":[{"count":0,"href":"https:\/\/elbronco.com.mx\/new\/wp-json\/wp\/v2\/pages\/3367\/revisions"}],"wp:attachment":[{"href":"https:\/\/elbronco.com.mx\/new\/wp-json\/wp\/v2\/media?parent=3367"}],"curies":[{"name":"wp","href":"https:\/\/api.w.org\/{rel}","templated":true}]}}