{"id":3,"date":"2021-07-05T15:09:00","date_gmt":"2021-07-05T15:09:00","guid":{"rendered":"https:\/\/c4.com.mx\/elbronco\/?page_id=3"},"modified":"2025-03-06T15:57:43","modified_gmt":"2025-03-06T15:57:43","slug":"privacy-policy","status":"publish","type":"page","link":"https:\/\/elbronco.com.mx\/new\/privacy-policy\/","title":{"rendered":"Aviso de privacidad"},"content":{"rendered":"\n<p class=\"\"><strong>AVISO DE PRIVACIDAD<\/strong><\/p>\n\n\n\n<p class=\"\"><strong>USO DE DATOS<\/strong><\/p>\n\n\n\n<p class=\"\">Con fundamento en los art\u00edculos 15 y 16 de la Ley Federal de Protecci\u00f3n de Datos Personales en Posesi\u00f3n de Particulares hacemos de su conocimiento que El Bronco Autopartes, SA de CV con domicilio en Calle 4-A # 2180, Col. Ferrocarril en Guadalajara Jalisco 44440 M\u00e9xico es responsable de recabar sus datos personales, del uso que se le d\u00e9 a los mismos y de su protecci\u00f3n al utilizar su sitio web. Esta compa\u00f1\u00eda est\u00e1 comprometida con la seguridad de los datos de sus usuarios.<\/p>\n\n\n\n<p class=\"\">Su informaci\u00f3n personal ser\u00e1 utilizada para las siguientes finalidades: proveer los servicios y productos que ha solicitado; notificarle sobre nuevos servicios o productos que tengan relaci\u00f3n con los ya contratados o adquiridos; comunicarle sobre cambios en los mismos, con la finalidad de evaluar y mejorar la calidad del servicio y\/o productos que brindamos, y en general, para dar cumplimiento a las obligaciones que hemos contra\u00eddo con usted.<\/p>\n\n\n\n<p class=\"\">Esta compa\u00f1\u00eda no vender\u00e1, ceder\u00e1 ni distribuir\u00e1 la informaci\u00f3n personal que sea recopilada sin su consentimiento, salvo que sea requerido por un juez con una orden judicial.<\/p>\n\n\n\n<p class=\"\">Cuando le pedimos llenar los campos de informaci\u00f3n personal con la cual usted pueda ser identificado, lo hacemos asegurando que s\u00f3lo se emplear\u00e1 de acuerdo con los t\u00e9rminos de este documento.<\/p>\n\n\n\n<p class=\"\"><br>Para las finalidades antes mencionadas, requerimos obtener los siguientes datos personales (obligatorios):<\/p>\n\n\n\n<ul class=\"wp-block-list\">\n<li class=\"\">Nombre completo<\/li>\n\n\n\n<li class=\"\">Direcci\u00f3n<\/li>\n\n\n\n<li class=\"\">Tel\u00e9fono fijo y\/o celular<\/li>\n\n\n\n<li class=\"\">Correo electr\u00f3nico<\/li>\n\n\n\n<li class=\"\">RFC&nbsp;(Constancia de situaci\u00f3n fiscal)<\/li>\n<\/ul>\n\n\n\n<p class=\"\">El Bronco Autopartes, S.A. de C.V se reserva el derecho de cambiar los t\u00e9rminos de la presente Pol\u00edtica de Privacidad y podr\u00e1 consultarlo en&nbsp;http:\/\/www.elbronco.com.mx<\/p>\n\n\n\n<p class=\"\"><strong>COOKIES<\/strong><\/p>\n\n\n\n<p class=\"\">Una cookie es un fichero enviado que solicita permiso para almacenarse en su ordenador, al aceptar dicho fichero se crea un archivo (una cookie) que sirve para tener informaci\u00f3n respecto al tr\u00e1fico web y facilitar las futuras visitas recurrentes a un sitio web. Otra funci\u00f3n que tienen las cookies es que con ellas los sitios web pueden reconocer al usuario individualmente y por tanto brindarle el mejor servicio personalizado.<\/p>\n\n\n\n<p class=\"\">Nuestro sitio web emplea las cookies para poder identificar las p\u00e1ginas que son visitadas y su frecuencia. Esta informaci\u00f3n es empleada \u00fanicamente para an\u00e1lisis estad\u00edstico y despu\u00e9s la informaci\u00f3n se elimina de forma permanente. Usted puede eliminar las cookies en cualquier momento desde su ordenador. Las cookies no dan acceso a informaci\u00f3n de su ordenador ni de usted, a menos de que usted as\u00ed lo quiera y la proporcione directamente. Usted puede aceptar o negar el uso de cookies, no obstante, la mayor\u00eda de los navegadores acepta cookies autom\u00e1ticamente. Usted puede cambiar la configuraci\u00f3n de su ordenador para declinar las cookies. Si se declinan es posible que no pueda utilizar algunos de nuestros servicios.<\/p>\n","protected":false},"excerpt":{"rendered":"<p>AVISO DE PRIVACIDAD USO DE DATOS Con fundamento en los art\u00edculos 15 y 16 de la Ley Federal de Protecci\u00f3n&#8230;<\/p>\n","protected":false},"author":3,"featured_media":0,"parent":0,"menu_order":0,"comment_status":"closed","ping_status":"open","template":"","meta":{"_joinchat":[],"footnotes":""},"class_list":["post-3","page","type-page","status-publish","hentry"],"_links":{"self":[{"href":"https:\/\/elbronco.com.mx\/new\/wp-json\/wp\/v2\/pages\/3","targetHints":{"allow":["GET"]}}],"collection":[{"href":"https:\/\/elbronco.com.mx\/new\/wp-json\/wp\/v2\/pages"}],"about":[{"href":"https:\/\/elbronco.com.mx\/new\/wp-json\/wp\/v2\/types\/page"}],"author":[{"embeddable":true,"href":"https:\/\/elbronco.com.mx\/new\/wp-json\/wp\/v2\/users\/3"}],"replies":[{"embeddable":true,"href":"https:\/\/elbronco.com.mx\/new\/wp-json\/wp\/v2\/comments?post=3"}],"version-history":[{"count":0,"href":"https:\/\/elbronco.com.mx\/new\/wp-json\/wp\/v2\/pages\/3\/revisions"}],"wp:attachment":[{"href":"https:\/\/elbronco.com.mx\/new\/wp-json\/wp\/v2\/media?parent=3"}],"curies":[{"name":"wp","href":"https:\/\/api.w.org\/{rel}","templated":true}]}}